{"id":32126,"date":"2024-11-22T11:21:34","date_gmt":"2024-11-22T11:21:34","guid":{"rendered":"https:\/\/kraikai.premiumspace24.com\/?post_type=product&#038;p=32126"},"modified":"2024-11-22T11:22:05","modified_gmt":"2024-11-22T11:22:05","slug":"konservai-katems-animonda-vom-feinsten-kitten-su-paukstiena-100g","status":"publish","type":"product","link":"https:\/\/kraikai.premiumspace24.com\/index.php\/product\/konservai-katems-animonda-vom-feinsten-kitten-su-paukstiena-100g\/","title":{"rendered":"KONSERVAI KAT\u0116MS Animonda Vom Feinsten Kitten su pauk\u0161tiena 100g."},"content":{"rendered":"<h3>Konservai kat\u0117ms Animonda <strong>Vom Feinsten Kitten su pauk\u0161tiena<\/strong><strong>: \u0161lapias maistas, skirtas ka\u010diukams<\/strong><\/h3>\n<p class=\"western\"><strong><span lang=\"lt-LT\">Su<\/span><\/strong><span lang=\"lt-LT\"><strong>d\u0117tis: <\/strong>63 % m\u0117sa ir gyv\u016bnin\u0117s kilm\u0117s produktai (20 % pauk\u0161tiena, kiauliena, jautiena), mineralai.<\/span><\/p>\n<p class=\"western\"><strong>Analitin\u0117s sudedamosios dalys: <\/strong>10% \u017eali baltimai; 7% \u017eali riebalai; 0,3% \u017ealia l\u0105steliena; 2% \u017eali pelenai; 80% dr\u0117gnis; taurinas 0,7 g\/kg<\/p>\n<p class=\"western\"><strong>Maistiniai priedai (kg):<\/strong><\/p>\n<p class=\"western\">200 TV 3a671<br \/>\n2 mg\u00a0 3b406<br \/>\n16 mg\u00a0 3b605<br \/>\n0,7 mg\u00a0 3b503<br \/>\n0,4 mg\u00a0 3b202<\/p>\n<p class=\"western\">Atviros maisto skardin\u0117s tur\u0117t\u0173 b\u016bti laikomos \u0161aldytuve, kad jos i\u0161likt\u0173 dr\u0117gnos ir suma\u017eint\u0173 s\u0105lyt\u012f su oru.<br \/>\n<strong>Kilm\u0117s \u0161alis:<\/strong> Vokietija (DE)<br \/>\nPartijos numeris, produkto pagaminimo ir galiojimo data pa\u017eym\u0117ti ant pakuot\u0117s.<br \/>\n<strong>Saugoti nuo ma\u017eame\u010di\u0173 vaik\u0173.<\/strong><\/p>\n","protected":false},"excerpt":{"rendered":"<h3>Konservai kat\u0117ms &#8222;Animonda <strong>Vom Feinsten Kitten su pauk\u0161tiena<\/strong>&#8222;<\/h3>\n<p lang=\"lt-LT\"><b>Animonda <\/b><strong>Vom Feinsten Kitten su <\/strong><strong>pauk\u0161tiena <\/strong><strong>&#8211;<\/strong> \u0160is \u0161lapias maistas d\u017eiugina augintinius \u0161velnia tekst\u016bra. \u201eVom Feinsten\u201c gamini\u0173 asortimente rasite daugiau skani\u0173 skoni\u0173 i\u0161rankiems keturkojams draugams.<strong><br \/>\n<\/strong><\/p>\n<p><strong>Maitinimo rekomendacija<\/strong><br \/>\nSkai\u010diuojant ideal\u0173 \u0117dalo kiek\u012f kat\u0117ms, visada reikia atsi\u017evelgti \u012f augintinio am\u017ei\u0173, svor\u012f ir temperament\u0105.<br \/>\nToliau pateikiami rekomenduojami kiekiai gali b\u016bti naudojami kaip bendros gair\u0117s:<\/p>\n<p>\u0160ie rekomenduojami kiekiai gali b\u016bti naudojami kaip bendros gair\u0117s ka\u010diukams:<\/p>\n<ul>\n<li>3 m\u0117nesi\u0173 ir 1,2 kg sverian\u010diam ka\u010diukui kasdien reikia duoti 165 g maisto<\/li>\n<li>5 m\u0117nesi\u0173 ka\u010diukui, sverian\u010diam 2,4 kg, galima duoti 210 g<\/li>\n<li>7 m\u0117nesi\u0173 ka\u010diukas, sveriantis 3,4 kg, tur\u0117t\u0173 gauti 235 g<\/li>\n<\/ul>\n<p lang=\"lt-LT\"><span lang=\"lt-LT\">BAR kodas:<\/span> 4017721834490<span lang=\"lt-LT\"><br \/>\n<\/span>(Grynasis svoris: 100g.)<\/p>\n","protected":false},"featured_media":32162,"template":"","meta":[],"product_cat":[79],"product_tag":[71],"class_list":{"0":"post-32126","1":"product","2":"type-product","3":"status-publish","4":"has-post-thumbnail","6":"product_cat-konservai-katems","7":"product_tag-konservai","9":"first","10":"instock","11":"sale","12":"featured","13":"shipping-taxable","14":"purchasable","15":"product-type-simple"},"yoast_head":"<!-- This site is optimized with the Yoast SEO plugin v23.9 - https:\/\/yoast.com\/wordpress\/plugins\/seo\/ -->\n<title>KONSERVAI KAT\u0116MS Animonda Vom Feinsten Kitten su pauk\u0161tiena 100g. - Kraikai<\/title>\n<meta name=\"robots\" content=\"index, follow, max-snippet:-1, max-image-preview:large, max-video-preview:-1\" \/>\n<link rel=\"canonical\" href=\"https:\/\/kraikai.premiumspace24.com\/index.php\/product\/konservai-katems-animonda-vom-feinsten-kitten-su-paukstiena-100g\/\" \/>\n<meta property=\"og:locale\" content=\"lt_LT\" \/>\n<meta property=\"og:type\" content=\"article\" \/>\n<meta property=\"og:title\" content=\"KONSERVAI KAT\u0116MS Animonda Vom Feinsten Kitten su pauk\u0161tiena 100g. - Kraikai\" \/>\n<meta property=\"og:description\" content=\"Konservai kat\u0117ms &quot;Animonda Vom Feinsten Kitten su pauk\u0161tiena&quot; Animonda Vom Feinsten Kitten su pauk\u0161tiena - \u0160is \u0161lapias maistas d\u017eiugina augintinius \u0161velnia tekst\u016bra. \u201eVom Feinsten\u201c gamini\u0173 asortimente rasite daugiau skani\u0173 skoni\u0173 i\u0161rankiems keturkojams draugams.  Maitinimo rekomendacija Skai\u010diuojant ideal\u0173 \u0117dalo kiek\u012f kat\u0117ms, visada reikia atsi\u017evelgti \u012f augintinio am\u017ei\u0173, svor\u012f ir temperament\u0105. Toliau pateikiami rekomenduojami kiekiai gali b\u016bti naudojami kaip bendros gair\u0117s:  \u0160ie rekomenduojami kiekiai gali b\u016bti naudojami kaip bendros gair\u0117s ka\u010diukams:   3 m\u0117nesi\u0173 ir 1,2 kg sverian\u010diam ka\u010diukui kasdien reikia duoti 165 g maisto  5 m\u0117nesi\u0173 ka\u010diukui, sverian\u010diam 2,4 kg, galima duoti 210 g  7 m\u0117nesi\u0173 ka\u010diukas, sveriantis 3,4 kg, tur\u0117t\u0173 gauti 235 g  BAR kodas: 4017721834490 (Grynasis svoris: 100g.)\" \/>\n<meta property=\"og:url\" content=\"https:\/\/kraikai.premiumspace24.com\/index.php\/product\/konservai-katems-animonda-vom-feinsten-kitten-su-paukstiena-100g\/\" \/>\n<meta property=\"og:site_name\" content=\"Kraikai\" \/>\n<meta property=\"article:modified_time\" content=\"2024-11-22T11:22:05+00:00\" \/>\n<meta property=\"og:image\" content=\"https:\/\/kraikai.premiumspace24.com\/wp-content\/uploads\/2024\/11\/83221-animonda-Vom_Feinsten-Kitten-mit_Gefluegel-Katze-Nassfutter.jpg_1920x1920.jpg\" \/>\n\t<meta property=\"og:image:width\" content=\"1920\" \/>\n\t<meta property=\"og:image:height\" content=\"1920\" \/>\n\t<meta property=\"og:image:type\" content=\"image\/jpeg\" \/>\n<meta name=\"twitter:card\" content=\"summary_large_image\" \/>\n<meta name=\"twitter:label1\" content=\"Est. reading time\" \/>\n\t<meta name=\"twitter:data1\" content=\"1 minut\u0117\" \/>\n<script type=\"application\/ld+json\" class=\"yoast-schema-graph\">{\"@context\":\"https:\/\/schema.org\",\"@graph\":[{\"@type\":\"WebPage\",\"@id\":\"https:\/\/kraikai.premiumspace24.com\/index.php\/product\/konservai-katems-animonda-vom-feinsten-kitten-su-paukstiena-100g\/\",\"url\":\"https:\/\/kraikai.premiumspace24.com\/index.php\/product\/konservai-katems-animonda-vom-feinsten-kitten-su-paukstiena-100g\/\",\"name\":\"KONSERVAI KAT\u0116MS Animonda Vom Feinsten Kitten su pauk\u0161tiena 100g. - Kraikai\",\"isPartOf\":{\"@id\":\"https:\/\/kraikai.premiumspace24.com\/#website\"},\"primaryImageOfPage\":{\"@id\":\"https:\/\/kraikai.premiumspace24.com\/index.php\/product\/konservai-katems-animonda-vom-feinsten-kitten-su-paukstiena-100g\/#primaryimage\"},\"image\":{\"@id\":\"https:\/\/kraikai.premiumspace24.com\/index.php\/product\/konservai-katems-animonda-vom-feinsten-kitten-su-paukstiena-100g\/#primaryimage\"},\"thumbnailUrl\":\"https:\/\/kraikai.premiumspace24.com\/wp-content\/uploads\/2024\/11\/83221-animonda-Vom_Feinsten-Kitten-mit_Gefluegel-Katze-Nassfutter.jpg_1920x1920.jpg\",\"datePublished\":\"2024-11-22T11:21:34+00:00\",\"dateModified\":\"2024-11-22T11:22:05+00:00\",\"breadcrumb\":{\"@id\":\"https:\/\/kraikai.premiumspace24.com\/index.php\/product\/konservai-katems-animonda-vom-feinsten-kitten-su-paukstiena-100g\/#breadcrumb\"},\"inLanguage\":\"lt-LT\",\"potentialAction\":[{\"@type\":\"ReadAction\",\"target\":[\"https:\/\/kraikai.premiumspace24.com\/index.php\/product\/konservai-katems-animonda-vom-feinsten-kitten-su-paukstiena-100g\/\"]}]},{\"@type\":\"ImageObject\",\"inLanguage\":\"lt-LT\",\"@id\":\"https:\/\/kraikai.premiumspace24.com\/index.php\/product\/konservai-katems-animonda-vom-feinsten-kitten-su-paukstiena-100g\/#primaryimage\",\"url\":\"https:\/\/kraikai.premiumspace24.com\/wp-content\/uploads\/2024\/11\/83221-animonda-Vom_Feinsten-Kitten-mit_Gefluegel-Katze-Nassfutter.jpg_1920x1920.jpg\",\"contentUrl\":\"https:\/\/kraikai.premiumspace24.com\/wp-content\/uploads\/2024\/11\/83221-animonda-Vom_Feinsten-Kitten-mit_Gefluegel-Katze-Nassfutter.jpg_1920x1920.jpg\",\"width\":1920,\"height\":1920},{\"@type\":\"BreadcrumbList\",\"@id\":\"https:\/\/kraikai.premiumspace24.com\/index.php\/product\/konservai-katems-animonda-vom-feinsten-kitten-su-paukstiena-100g\/#breadcrumb\",\"itemListElement\":[{\"@type\":\"ListItem\",\"position\":1,\"name\":\"Home\",\"item\":\"https:\/\/kraikai.premiumspace24.com\/\"},{\"@type\":\"ListItem\",\"position\":2,\"name\":\"Shop\",\"item\":\"https:\/\/kraikai.premiumspace24.com\/index.php\/shop\/\"},{\"@type\":\"ListItem\",\"position\":3,\"name\":\"KONSERVAI KAT\u0116MS Animonda Vom Feinsten Kitten su pauk\u0161tiena 100g.\"}]},{\"@type\":\"WebSite\",\"@id\":\"https:\/\/kraikai.premiumspace24.com\/#website\",\"url\":\"https:\/\/kraikai.premiumspace24.com\/\",\"name\":\"Kraikai\",\"description\":\"Ka\u010di\u0173 nat\u016bral\u016bs kraikai, \u0161un\u0173 sausas maistas, konservai\",\"potentialAction\":[{\"@type\":\"SearchAction\",\"target\":{\"@type\":\"EntryPoint\",\"urlTemplate\":\"https:\/\/kraikai.premiumspace24.com\/?s={search_term_string}\"},\"query-input\":{\"@type\":\"PropertyValueSpecification\",\"valueRequired\":true,\"valueName\":\"search_term_string\"}}],\"inLanguage\":\"lt-LT\"}]}<\/script>\n<!-- \/ Yoast SEO plugin. -->","yoast_head_json":{"title":"KONSERVAI KAT\u0116MS Animonda Vom Feinsten Kitten su pauk\u0161tiena 100g. - Kraikai","robots":{"index":"index","follow":"follow","max-snippet":"max-snippet:-1","max-image-preview":"max-image-preview:large","max-video-preview":"max-video-preview:-1"},"canonical":"https:\/\/kraikai.premiumspace24.com\/index.php\/product\/konservai-katems-animonda-vom-feinsten-kitten-su-paukstiena-100g\/","og_locale":"lt_LT","og_type":"article","og_title":"KONSERVAI KAT\u0116MS Animonda Vom Feinsten Kitten su pauk\u0161tiena 100g. - Kraikai","og_description":"Konservai kat\u0117ms \"Animonda Vom Feinsten Kitten su pauk\u0161tiena\" Animonda Vom Feinsten Kitten su pauk\u0161tiena - \u0160is \u0161lapias maistas d\u017eiugina augintinius \u0161velnia tekst\u016bra. \u201eVom Feinsten\u201c gamini\u0173 asortimente rasite daugiau skani\u0173 skoni\u0173 i\u0161rankiems keturkojams draugams.  Maitinimo rekomendacija Skai\u010diuojant ideal\u0173 \u0117dalo kiek\u012f kat\u0117ms, visada reikia atsi\u017evelgti \u012f augintinio am\u017ei\u0173, svor\u012f ir temperament\u0105. Toliau pateikiami rekomenduojami kiekiai gali b\u016bti naudojami kaip bendros gair\u0117s:  \u0160ie rekomenduojami kiekiai gali b\u016bti naudojami kaip bendros gair\u0117s ka\u010diukams:   3 m\u0117nesi\u0173 ir 1,2 kg sverian\u010diam ka\u010diukui kasdien reikia duoti 165 g maisto  5 m\u0117nesi\u0173 ka\u010diukui, sverian\u010diam 2,4 kg, galima duoti 210 g  7 m\u0117nesi\u0173 ka\u010diukas, sveriantis 3,4 kg, tur\u0117t\u0173 gauti 235 g  BAR kodas: 4017721834490 (Grynasis svoris: 100g.)","og_url":"https:\/\/kraikai.premiumspace24.com\/index.php\/product\/konservai-katems-animonda-vom-feinsten-kitten-su-paukstiena-100g\/","og_site_name":"Kraikai","article_modified_time":"2024-11-22T11:22:05+00:00","og_image":[{"width":1920,"height":1920,"url":"https:\/\/kraikai.premiumspace24.com\/wp-content\/uploads\/2024\/11\/83221-animonda-Vom_Feinsten-Kitten-mit_Gefluegel-Katze-Nassfutter.jpg_1920x1920.jpg","type":"image\/jpeg"}],"twitter_card":"summary_large_image","twitter_misc":{"Est. reading time":"1 minut\u0117"},"schema":{"@context":"https:\/\/schema.org","@graph":[{"@type":"WebPage","@id":"https:\/\/kraikai.premiumspace24.com\/index.php\/product\/konservai-katems-animonda-vom-feinsten-kitten-su-paukstiena-100g\/","url":"https:\/\/kraikai.premiumspace24.com\/index.php\/product\/konservai-katems-animonda-vom-feinsten-kitten-su-paukstiena-100g\/","name":"KONSERVAI KAT\u0116MS Animonda Vom Feinsten Kitten su pauk\u0161tiena 100g. - Kraikai","isPartOf":{"@id":"https:\/\/kraikai.premiumspace24.com\/#website"},"primaryImageOfPage":{"@id":"https:\/\/kraikai.premiumspace24.com\/index.php\/product\/konservai-katems-animonda-vom-feinsten-kitten-su-paukstiena-100g\/#primaryimage"},"image":{"@id":"https:\/\/kraikai.premiumspace24.com\/index.php\/product\/konservai-katems-animonda-vom-feinsten-kitten-su-paukstiena-100g\/#primaryimage"},"thumbnailUrl":"https:\/\/kraikai.premiumspace24.com\/wp-content\/uploads\/2024\/11\/83221-animonda-Vom_Feinsten-Kitten-mit_Gefluegel-Katze-Nassfutter.jpg_1920x1920.jpg","datePublished":"2024-11-22T11:21:34+00:00","dateModified":"2024-11-22T11:22:05+00:00","breadcrumb":{"@id":"https:\/\/kraikai.premiumspace24.com\/index.php\/product\/konservai-katems-animonda-vom-feinsten-kitten-su-paukstiena-100g\/#breadcrumb"},"inLanguage":"lt-LT","potentialAction":[{"@type":"ReadAction","target":["https:\/\/kraikai.premiumspace24.com\/index.php\/product\/konservai-katems-animonda-vom-feinsten-kitten-su-paukstiena-100g\/"]}]},{"@type":"ImageObject","inLanguage":"lt-LT","@id":"https:\/\/kraikai.premiumspace24.com\/index.php\/product\/konservai-katems-animonda-vom-feinsten-kitten-su-paukstiena-100g\/#primaryimage","url":"https:\/\/kraikai.premiumspace24.com\/wp-content\/uploads\/2024\/11\/83221-animonda-Vom_Feinsten-Kitten-mit_Gefluegel-Katze-Nassfutter.jpg_1920x1920.jpg","contentUrl":"https:\/\/kraikai.premiumspace24.com\/wp-content\/uploads\/2024\/11\/83221-animonda-Vom_Feinsten-Kitten-mit_Gefluegel-Katze-Nassfutter.jpg_1920x1920.jpg","width":1920,"height":1920},{"@type":"BreadcrumbList","@id":"https:\/\/kraikai.premiumspace24.com\/index.php\/product\/konservai-katems-animonda-vom-feinsten-kitten-su-paukstiena-100g\/#breadcrumb","itemListElement":[{"@type":"ListItem","position":1,"name":"Home","item":"https:\/\/kraikai.premiumspace24.com\/"},{"@type":"ListItem","position":2,"name":"Shop","item":"https:\/\/kraikai.premiumspace24.com\/index.php\/shop\/"},{"@type":"ListItem","position":3,"name":"KONSERVAI KAT\u0116MS Animonda Vom Feinsten Kitten su pauk\u0161tiena 100g."}]},{"@type":"WebSite","@id":"https:\/\/kraikai.premiumspace24.com\/#website","url":"https:\/\/kraikai.premiumspace24.com\/","name":"Kraikai","description":"Ka\u010di\u0173 nat\u016bral\u016bs kraikai, \u0161un\u0173 sausas maistas, konservai","potentialAction":[{"@type":"SearchAction","target":{"@type":"EntryPoint","urlTemplate":"https:\/\/kraikai.premiumspace24.com\/?s={search_term_string}"},"query-input":{"@type":"PropertyValueSpecification","valueRequired":true,"valueName":"search_term_string"}}],"inLanguage":"lt-LT"}]}},"_links":{"self":[{"href":"https:\/\/kraikai.premiumspace24.com\/index.php\/wp-json\/wp\/v2\/product\/32126","targetHints":{"allow":["GET"]}}],"collection":[{"href":"https:\/\/kraikai.premiumspace24.com\/index.php\/wp-json\/wp\/v2\/product"}],"about":[{"href":"https:\/\/kraikai.premiumspace24.com\/index.php\/wp-json\/wp\/v2\/types\/product"}],"wp:featuredmedia":[{"embeddable":true,"href":"https:\/\/kraikai.premiumspace24.com\/index.php\/wp-json\/wp\/v2\/media\/32162"}],"wp:attachment":[{"href":"https:\/\/kraikai.premiumspace24.com\/index.php\/wp-json\/wp\/v2\/media?parent=32126"}],"wp:term":[{"taxonomy":"product_cat","embeddable":true,"href":"https:\/\/kraikai.premiumspace24.com\/index.php\/wp-json\/wp\/v2\/product_cat?post=32126"},{"taxonomy":"product_tag","embeddable":true,"href":"https:\/\/kraikai.premiumspace24.com\/index.php\/wp-json\/wp\/v2\/product_tag?post=32126"}],"curies":[{"name":"wp","href":"https:\/\/api.w.org\/{rel}","templated":true}]}}