{"id":31999,"date":"2024-11-22T11:20:10","date_gmt":"2024-11-22T11:20:10","guid":{"rendered":"https:\/\/kraikai.premiumspace24.com\/?post_type=product&#038;p=31999"},"modified":"2025-05-20T11:15:56","modified_gmt":"2025-05-20T11:15:56","slug":"silikoninis-kaciu-kraikas-belocat-18l-7kg-premium-100-naturalus-kraikas","status":"publish","type":"product","link":"https:\/\/kraikai.premiumspace24.com\/index.php\/product\/silikoninis-kaciu-kraikas-belocat-18l-7kg-premium-100-naturalus-kraikas\/","title":{"rendered":"SILIKONINIS KA\u010cI\u0172 KRAIKAS &#8222;BeloCat&#8221; 18L \/ 7Kg.  (Premium) 100% NAT\u016aRALUS KRAIKAS"},"content":{"rendered":"<h3>Silikoninio ka\u010di\u0173 kraiko &#8222;BELOCAT&#8221; apra\u0161ymas<\/h3>\n<p>Belo cat, Premium kategorijos silikoninis, antibakterini\u0173 savybi\u0173 turintis ir neautralizuojantis ka\u010di\u0173 kraikas.<\/p>\n<p><strong>Grynasis kiekis:<\/strong> 18L \/ 7Kg.<\/p>\n<p>Skirtas: \u012evairaus am\u017eiaus ir veisli\u0173 kat\u0117ms. Saugus kat\u0117ms, nesukelia alergijos. Silikoninis ka\u010di\u0173 kraikas greitai sugeriantis kat\u0117s \u0161lapum\u0105 ir nemalonius kvapus. Jis nesukuria dulki\u0173 ir neprilimpa prie kat\u0117s leten\u0117li\u0173.<\/p>\n<p><strong>Sud\u0117tis:<\/strong> aktyvus silikonas, antialergi\u0161kas ir antibakterini\u0173 savybi\u0173 turintis, impregnuotas silikonas su kvapus absorbuojan\u010diomis med\u017eiagomis.<\/p>\n<p><strong>Naudojimas:<\/strong> 1. Supilkite \u012f kat\u0117s d\u0117\u017eut\u0119 apie 5cm., silikonionio ka\u010di\u0173 kraiko &#8222;Belo cat&#8221;. 2. Reguliariai pagal vizual\u0173 poreik\u012f pa\u0161alinkite \/ pakeiskite ne\u0161var\u0173 silikonin\u012f kraik\u0105. 3. Kart\u0105 per m\u0117nes\u012f pakeiskite vis\u0105 kat\u0117s d\u0117\u017eut\u0117s silikono t\u016br\u012f \u012f \u0161var\u0173.<\/p>\n<p><strong>Pagaminta:<\/strong> Kinijoje.<\/p>\n","protected":false},"excerpt":{"rendered":"<h3>Silikoninis kraikas kat\u0117ms. 100% nat\u016bralus ka\u010di\u0173 kraikas BELOCAT<\/h3>\n<p><strong><span lang=\"lt-LT\">BeloCat <\/span><\/strong> \u2013 Silikoninis ka\u010di\u0173 kraikas. \u0160is silikoninis ka\u010di\u0173 kraikas yra 100% procent\u0173 nat\u016bralus, skaidomas bioorganizm\u0173, netoksi\u0161kas ir ekologi\u0161kas.<\/p>\n","protected":false},"featured_media":31981,"template":"","meta":[],"product_cat":[35,62],"product_tag":[39,63,41,42,43,44,64],"class_list":{"0":"post-31999","1":"product","2":"type-product","3":"status-publish","4":"has-post-thumbnail","6":"product_cat-kraikas-katems","7":"product_cat-silikoninis-kaciu-kraikas","8":"product_tag-39","9":"product_tag-honeycat","10":"product_tag-kaciu-kraikas","11":"product_tag-katems","12":"product_tag-kraikas-katems","13":"product_tag-naturalus-kraikas","14":"product_tag-silikoninis","16":"first","17":"instock","18":"sale","19":"featured","20":"shipping-taxable","21":"purchasable","22":"product-type-simple"},"yoast_head":"<!-- This site is optimized with the Yoast SEO plugin v23.9 - https:\/\/yoast.com\/wordpress\/plugins\/seo\/ -->\n<title>SILIKONINIS KA\u010cI\u0172 KRAIKAS &quot;BeloCat&quot; 18L \/ 7Kg. (Premium) 100% NAT\u016aRALUS KRAIKAS - Kraikai<\/title>\n<meta name=\"robots\" content=\"index, follow, max-snippet:-1, max-image-preview:large, max-video-preview:-1\" \/>\n<link rel=\"canonical\" href=\"https:\/\/kraikai.premiumspace24.com\/index.php\/product\/silikoninis-kaciu-kraikas-belocat-18l-7kg-premium-100-naturalus-kraikas\/\" \/>\n<meta property=\"og:locale\" content=\"lt_LT\" \/>\n<meta property=\"og:type\" content=\"article\" \/>\n<meta property=\"og:title\" content=\"SILIKONINIS KA\u010cI\u0172 KRAIKAS &quot;BeloCat&quot; 18L \/ 7Kg. (Premium) 100% NAT\u016aRALUS KRAIKAS - Kraikai\" \/>\n<meta property=\"og:description\" content=\"Silikoninis kraikas kat\u0117ms. 100% nat\u016bralus ka\u010di\u0173 kraikas BELOCAT BeloCat \u2013 Silikoninis ka\u010di\u0173 kraikas. \u0160is silikoninis ka\u010di\u0173 kraikas yra 100% procent\u0173 nat\u016bralus, skaidomas bioorganizm\u0173, netoksi\u0161kas ir ekologi\u0161kas.\" \/>\n<meta property=\"og:url\" content=\"https:\/\/kraikai.premiumspace24.com\/index.php\/product\/silikoninis-kaciu-kraikas-belocat-18l-7kg-premium-100-naturalus-kraikas\/\" \/>\n<meta property=\"og:site_name\" content=\"Kraikai\" \/>\n<meta property=\"article:modified_time\" content=\"2025-05-20T11:15:56+00:00\" \/>\n<meta property=\"og:image\" content=\"https:\/\/kraikai.premiumspace24.com\/wp-content\/uploads\/2024\/11\/25.jpg\" \/>\n\t<meta property=\"og:image:width\" content=\"800\" \/>\n\t<meta property=\"og:image:height\" content=\"975\" \/>\n\t<meta property=\"og:image:type\" content=\"image\/jpeg\" \/>\n<meta name=\"twitter:card\" content=\"summary_large_image\" \/>\n<meta name=\"twitter:label1\" content=\"Est. reading time\" \/>\n\t<meta name=\"twitter:data1\" content=\"1 minut\u0117\" \/>\n<script type=\"application\/ld+json\" class=\"yoast-schema-graph\">{\"@context\":\"https:\/\/schema.org\",\"@graph\":[{\"@type\":\"WebPage\",\"@id\":\"https:\/\/kraikai.premiumspace24.com\/index.php\/product\/silikoninis-kaciu-kraikas-belocat-18l-7kg-premium-100-naturalus-kraikas\/\",\"url\":\"https:\/\/kraikai.premiumspace24.com\/index.php\/product\/silikoninis-kaciu-kraikas-belocat-18l-7kg-premium-100-naturalus-kraikas\/\",\"name\":\"SILIKONINIS KA\u010cI\u0172 KRAIKAS \\\"BeloCat\\\" 18L \/ 7Kg. (Premium) 100% NAT\u016aRALUS KRAIKAS - Kraikai\",\"isPartOf\":{\"@id\":\"https:\/\/kraikai.premiumspace24.com\/#website\"},\"primaryImageOfPage\":{\"@id\":\"https:\/\/kraikai.premiumspace24.com\/index.php\/product\/silikoninis-kaciu-kraikas-belocat-18l-7kg-premium-100-naturalus-kraikas\/#primaryimage\"},\"image\":{\"@id\":\"https:\/\/kraikai.premiumspace24.com\/index.php\/product\/silikoninis-kaciu-kraikas-belocat-18l-7kg-premium-100-naturalus-kraikas\/#primaryimage\"},\"thumbnailUrl\":\"https:\/\/kraikai.premiumspace24.com\/wp-content\/uploads\/2024\/11\/25.jpg\",\"datePublished\":\"2024-11-22T11:20:10+00:00\",\"dateModified\":\"2025-05-20T11:15:56+00:00\",\"breadcrumb\":{\"@id\":\"https:\/\/kraikai.premiumspace24.com\/index.php\/product\/silikoninis-kaciu-kraikas-belocat-18l-7kg-premium-100-naturalus-kraikas\/#breadcrumb\"},\"inLanguage\":\"lt-LT\",\"potentialAction\":[{\"@type\":\"ReadAction\",\"target\":[\"https:\/\/kraikai.premiumspace24.com\/index.php\/product\/silikoninis-kaciu-kraikas-belocat-18l-7kg-premium-100-naturalus-kraikas\/\"]}]},{\"@type\":\"ImageObject\",\"inLanguage\":\"lt-LT\",\"@id\":\"https:\/\/kraikai.premiumspace24.com\/index.php\/product\/silikoninis-kaciu-kraikas-belocat-18l-7kg-premium-100-naturalus-kraikas\/#primaryimage\",\"url\":\"https:\/\/kraikai.premiumspace24.com\/wp-content\/uploads\/2024\/11\/25.jpg\",\"contentUrl\":\"https:\/\/kraikai.premiumspace24.com\/wp-content\/uploads\/2024\/11\/25.jpg\",\"width\":800,\"height\":975},{\"@type\":\"BreadcrumbList\",\"@id\":\"https:\/\/kraikai.premiumspace24.com\/index.php\/product\/silikoninis-kaciu-kraikas-belocat-18l-7kg-premium-100-naturalus-kraikas\/#breadcrumb\",\"itemListElement\":[{\"@type\":\"ListItem\",\"position\":1,\"name\":\"Home\",\"item\":\"https:\/\/kraikai.premiumspace24.com\/\"},{\"@type\":\"ListItem\",\"position\":2,\"name\":\"Shop\",\"item\":\"https:\/\/kraikai.premiumspace24.com\/index.php\/shop\/\"},{\"@type\":\"ListItem\",\"position\":3,\"name\":\"SILIKONINIS KA\u010cI\u0172 KRAIKAS &#8222;BeloCat&#8221; 18L \/ 7Kg. (Premium) 100% NAT\u016aRALUS KRAIKAS\"}]},{\"@type\":\"WebSite\",\"@id\":\"https:\/\/kraikai.premiumspace24.com\/#website\",\"url\":\"https:\/\/kraikai.premiumspace24.com\/\",\"name\":\"Kraikai\",\"description\":\"Ka\u010di\u0173 nat\u016bral\u016bs kraikai, \u0161un\u0173 sausas maistas, konservai\",\"potentialAction\":[{\"@type\":\"SearchAction\",\"target\":{\"@type\":\"EntryPoint\",\"urlTemplate\":\"https:\/\/kraikai.premiumspace24.com\/?s={search_term_string}\"},\"query-input\":{\"@type\":\"PropertyValueSpecification\",\"valueRequired\":true,\"valueName\":\"search_term_string\"}}],\"inLanguage\":\"lt-LT\"}]}<\/script>\n<!-- \/ Yoast SEO plugin. -->","yoast_head_json":{"title":"SILIKONINIS KA\u010cI\u0172 KRAIKAS \"BeloCat\" 18L \/ 7Kg. (Premium) 100% NAT\u016aRALUS KRAIKAS - Kraikai","robots":{"index":"index","follow":"follow","max-snippet":"max-snippet:-1","max-image-preview":"max-image-preview:large","max-video-preview":"max-video-preview:-1"},"canonical":"https:\/\/kraikai.premiumspace24.com\/index.php\/product\/silikoninis-kaciu-kraikas-belocat-18l-7kg-premium-100-naturalus-kraikas\/","og_locale":"lt_LT","og_type":"article","og_title":"SILIKONINIS KA\u010cI\u0172 KRAIKAS \"BeloCat\" 18L \/ 7Kg. (Premium) 100% NAT\u016aRALUS KRAIKAS - Kraikai","og_description":"Silikoninis kraikas kat\u0117ms. 100% nat\u016bralus ka\u010di\u0173 kraikas BELOCAT BeloCat \u2013 Silikoninis ka\u010di\u0173 kraikas. \u0160is silikoninis ka\u010di\u0173 kraikas yra 100% procent\u0173 nat\u016bralus, skaidomas bioorganizm\u0173, netoksi\u0161kas ir ekologi\u0161kas.","og_url":"https:\/\/kraikai.premiumspace24.com\/index.php\/product\/silikoninis-kaciu-kraikas-belocat-18l-7kg-premium-100-naturalus-kraikas\/","og_site_name":"Kraikai","article_modified_time":"2025-05-20T11:15:56+00:00","og_image":[{"width":800,"height":975,"url":"https:\/\/kraikai.premiumspace24.com\/wp-content\/uploads\/2024\/11\/25.jpg","type":"image\/jpeg"}],"twitter_card":"summary_large_image","twitter_misc":{"Est. reading time":"1 minut\u0117"},"schema":{"@context":"https:\/\/schema.org","@graph":[{"@type":"WebPage","@id":"https:\/\/kraikai.premiumspace24.com\/index.php\/product\/silikoninis-kaciu-kraikas-belocat-18l-7kg-premium-100-naturalus-kraikas\/","url":"https:\/\/kraikai.premiumspace24.com\/index.php\/product\/silikoninis-kaciu-kraikas-belocat-18l-7kg-premium-100-naturalus-kraikas\/","name":"SILIKONINIS KA\u010cI\u0172 KRAIKAS \"BeloCat\" 18L \/ 7Kg. (Premium) 100% NAT\u016aRALUS KRAIKAS - Kraikai","isPartOf":{"@id":"https:\/\/kraikai.premiumspace24.com\/#website"},"primaryImageOfPage":{"@id":"https:\/\/kraikai.premiumspace24.com\/index.php\/product\/silikoninis-kaciu-kraikas-belocat-18l-7kg-premium-100-naturalus-kraikas\/#primaryimage"},"image":{"@id":"https:\/\/kraikai.premiumspace24.com\/index.php\/product\/silikoninis-kaciu-kraikas-belocat-18l-7kg-premium-100-naturalus-kraikas\/#primaryimage"},"thumbnailUrl":"https:\/\/kraikai.premiumspace24.com\/wp-content\/uploads\/2024\/11\/25.jpg","datePublished":"2024-11-22T11:20:10+00:00","dateModified":"2025-05-20T11:15:56+00:00","breadcrumb":{"@id":"https:\/\/kraikai.premiumspace24.com\/index.php\/product\/silikoninis-kaciu-kraikas-belocat-18l-7kg-premium-100-naturalus-kraikas\/#breadcrumb"},"inLanguage":"lt-LT","potentialAction":[{"@type":"ReadAction","target":["https:\/\/kraikai.premiumspace24.com\/index.php\/product\/silikoninis-kaciu-kraikas-belocat-18l-7kg-premium-100-naturalus-kraikas\/"]}]},{"@type":"ImageObject","inLanguage":"lt-LT","@id":"https:\/\/kraikai.premiumspace24.com\/index.php\/product\/silikoninis-kaciu-kraikas-belocat-18l-7kg-premium-100-naturalus-kraikas\/#primaryimage","url":"https:\/\/kraikai.premiumspace24.com\/wp-content\/uploads\/2024\/11\/25.jpg","contentUrl":"https:\/\/kraikai.premiumspace24.com\/wp-content\/uploads\/2024\/11\/25.jpg","width":800,"height":975},{"@type":"BreadcrumbList","@id":"https:\/\/kraikai.premiumspace24.com\/index.php\/product\/silikoninis-kaciu-kraikas-belocat-18l-7kg-premium-100-naturalus-kraikas\/#breadcrumb","itemListElement":[{"@type":"ListItem","position":1,"name":"Home","item":"https:\/\/kraikai.premiumspace24.com\/"},{"@type":"ListItem","position":2,"name":"Shop","item":"https:\/\/kraikai.premiumspace24.com\/index.php\/shop\/"},{"@type":"ListItem","position":3,"name":"SILIKONINIS KA\u010cI\u0172 KRAIKAS &#8222;BeloCat&#8221; 18L \/ 7Kg. (Premium) 100% NAT\u016aRALUS KRAIKAS"}]},{"@type":"WebSite","@id":"https:\/\/kraikai.premiumspace24.com\/#website","url":"https:\/\/kraikai.premiumspace24.com\/","name":"Kraikai","description":"Ka\u010di\u0173 nat\u016bral\u016bs kraikai, \u0161un\u0173 sausas maistas, konservai","potentialAction":[{"@type":"SearchAction","target":{"@type":"EntryPoint","urlTemplate":"https:\/\/kraikai.premiumspace24.com\/?s={search_term_string}"},"query-input":{"@type":"PropertyValueSpecification","valueRequired":true,"valueName":"search_term_string"}}],"inLanguage":"lt-LT"}]}},"_links":{"self":[{"href":"https:\/\/kraikai.premiumspace24.com\/index.php\/wp-json\/wp\/v2\/product\/31999","targetHints":{"allow":["GET"]}}],"collection":[{"href":"https:\/\/kraikai.premiumspace24.com\/index.php\/wp-json\/wp\/v2\/product"}],"about":[{"href":"https:\/\/kraikai.premiumspace24.com\/index.php\/wp-json\/wp\/v2\/types\/product"}],"wp:featuredmedia":[{"embeddable":true,"href":"https:\/\/kraikai.premiumspace24.com\/index.php\/wp-json\/wp\/v2\/media\/31981"}],"wp:attachment":[{"href":"https:\/\/kraikai.premiumspace24.com\/index.php\/wp-json\/wp\/v2\/media?parent=31999"}],"wp:term":[{"taxonomy":"product_cat","embeddable":true,"href":"https:\/\/kraikai.premiumspace24.com\/index.php\/wp-json\/wp\/v2\/product_cat?post=31999"},{"taxonomy":"product_tag","embeddable":true,"href":"https:\/\/kraikai.premiumspace24.com\/index.php\/wp-json\/wp\/v2\/product_tag?post=31999"}],"curies":[{"name":"wp","href":"https:\/\/api.w.org\/{rel}","templated":true}]}}